omposite number?
False
Suppose 7 = p - 0. Suppose 0 = 4*r - p*r + 879. Is r a composite number?
False
Let p(f) = 67*f. Let k = -8 + 9. Is p(k) a prime number?
True
Let y(j) = -j**3 + j**2 - j + 74. Suppose 2*a + 3*q = 7*q + 20, -2*a = -3*q - 15. Is y(a) a prime number?
False
Suppose 1 = -h, 2*l - 19 = 3*h + 530. Let s = -146 + l. Is s prime?
True
Let x(f) = -5*f**2 + 7 - 2*f + f + 7*f + f**3. Is x(6) a prime number?
True
Suppose 3*y = 65 + 172. Let g = 168 - y. Is g a prime number?
True
Let b = -1 + 2. Let t be (-872)/10 + 5/25. Is (b - (3 + -1))*t prime?
False
Let q(d) = -d - 115. Let r(j) = -j - 116. Let p(u) = -3*q(u) + 2*r(u). Is p(0) prime?
True
Suppose g + 18 = 4. Let s = g - -111. Is s prime?
True
Let g(c) = -5*c**2 - c. Let d(f) = -f**2 - 1. Let y(u) = 4*d(u) - g(u). Is y(6) a prime number?
False
Suppose 4*s - 146 = 338. Is s composite?
True
Let a(v) = v**2 + 10*v. Let i be a(-7). Let y = i + 35. Is y a composite number?
True
Let q be 2/(-4) - (-685)/10. Suppose -5*j + 153 = c, 0*j + 3*c + q = 2*j. Is j a composite number?
False
Is ((-3)/(-2))/((-66)/(-3476)) a composite number?
False
Suppose r - 3*r = -426. Is -1 + r + (-2 - -1) a composite number?
False
Let z(q) = 75*q**3 - 5*q**2 + 4*q - 7. Is z(3) a prime number?
False
Let j = 5 + -3. Suppose -m + 3*k = -j*k - 11, 10 = 5*k. Suppose q + m = 2*q. Is q composite?
True
Let j be 5*-2*8/(-10). Suppose -5 = 3*a + 1. Is j - -3 - (-2)/a prime?
False
Suppose 19 = k - 5*g, -9 = k - 2*g - 25. Is k a prime number?
False
Suppose -3*w = -5*v - 8437, -v = -5*w + 4800 + 9247. Is w prime?
False
Suppose 3*i + 9 = 3*b, 2*b - 6 = 4*i - 6*i. Let o = i + 2. Let g = o + 1. Is g a prime number?
True
Is (-959430)/(-150) + 4/5 prime?
True
Let z = 199 - 96. Is z composite?
False
Let w be ((-5)/2)/(3/(-6)). Suppose 641 = w*h + 46. Is h composite?
True
Suppose 66 = -2*m + 260. Is m prime?
True
Let z = -62 + 129. Is z a composite number?
False
Suppose -3*j + 1250 = 2*j. Let g = j - 123. Is g a composite number?
False
Suppose -3*j = -2*j + 1, h - 2*j - 225 = 0. Let u = h + 112. Is u composite?
True
Suppose n = -2*n + 18. Let v(a) = a**2 + 7*a - 2. Let h be v(-8). Is 26/h + (-2)/n a prime number?
False
Let j be (392 + 5)*4/1. Is ((-2)/8)/((-1)/j) a composite number?
False
Let z = -21 - -14. Let o(r) = -r - 2. Let m be o(z). Suppose 3*v + m*j - 29 = 0, -4*j + 4 = -3*v - v. Is v a composite number?
False
Suppose 4*q + 0*q + 4*p - 13748 = 0, -q + 3425 = -2*p. Is q composite?
False
Let z = -132 + 1073. Is z a composite number?
False
Suppose -4*n = -3*s + 589, 126 = 4*n + 5*s + 723. Let h = n - -818. Is h/25*(-10)/(-4) composite?
False
Let r = -18 + 12. Let y be (r/4)/((-7)/(-14)). Is 9/6*(-74)/y composite?
False
Suppose 0 = -3*h - h + 340. Is h composite?
True
Let g = -35 - -132. Is g composite?
False
Let k = 1 - -2. Suppose -13 + k = -2*r. Suppose 3*h - 7*h + c + 45 = 0, r*h - 2*c = 60. Is h a prime number?
False
Suppose 11 = 3*n - 10. Suppose n*t = 12*t - 155. Is t composite?
False
Let c(k) = k**3 - 5 + 3*k**3 + k**2 - 3*k**3 - 2*k. Is c(4) a composite number?
False
Suppose -l = -157 - 103. Suppose 5*c = -2*g - 3*g + l, 0 = 5*g - 3*c - 292. Suppose -39 - g = -5*v. Is v a composite number?
False
Let m = -9 + 13. Suppose r - m*w = 4, 9*w = 2*r + 4*w - 8. Suppose 4*x - 110 = -3*z + 101, -r*x + 214 = 2*z. Is x composite?
True
Suppose -2*g + 10 = 2*n - 0*g, -3*g = -2*n. Suppose -3*m - 3*q - 2*q + 14 = 0, 2*m - 2*q = 20. Suppose -395 = n*a - m*a. Is a prime?
True
Suppose -4*h + 5*d - 10 = -4, -2*h - 2*d + 6 = 0. Let g = 27 - h. Is g a composite number?
True
Let o = -361 - -560. Let g = -356 + o. Is (1 - g)*7/14 composite?
False
Suppose 8*r - 10*r + 716 = 0. Is r composite?
True
Suppose 2*j + 2*j - 17 = -3*m, -2*m = -5*j + 27. Suppose 165 = 5*c + j*i, -2*c + 3*i + 74 = i. Is c a prime number?
False
Suppose 2*w + w = 5463. Suppose 5*v + 346 - w = 0. Is v composite?
True
Let q be 15/6*(-1 - -3). Let w = q - 4. Is 3/(6/64) - w a prime number?
True
Suppose -5*q - 2*h = -2975, 4*h + 1160 = 3*q - 599. Is q a composite number?
False
Suppose 7*t - 3*t + 672 = 4*w, w + 3*t = 148. Is w composite?
False
Let o = -282 + 431. Is o a composite number?
False
Let j(k) = k**3 + k**2 - k - 9. Let n be j(0). Let o = n - -14. Suppose -2*g + 172 = -2*t, 341 = -0*g + 4*g - o*t. Is g prime?
True
Let w = 579 - -1652. Is w prime?
False
Suppose 7 + 5 = 3*h. Suppose c - h*c = 0. Suppose -4*o + 13 = -0*i + i, o = c. Is i a prime number?
True
Suppose 2*z = 2, 4*n + 115 = -2*z + 1493. Suppose -2*k + 340 = 4*l, 3*k - n = l - 5*l. Is l prime?
True
Suppose -h = 3*o - 398, -4*h - 400 = -3*o - 3*h. Suppose 0 = 3*j - 122 - o. Is j composite?
True
Let j(s) = -s. Let i be j(-2). Suppose 3*o - 364 = -5*k, k = -0*o + o - 116. Suppose -4*g = -i*g - o. Is g a prime number?
True
Let j be 10/5*23/(-2). Let c = j + 38. Is c composite?
True
Is ((-778)/(-10))/((-1)/(-6 + 1)) a prime number?
True
Let u(m) = m**2 - 11. Let a = 0 - -5. Is u(a) a prime number?
False
Suppose m = 190 + 445. Is m a composite number?
True
Suppose -2*m + 116 = 4*x, x = -0*m + 5*m - 301. Suppose -2*g = 2*v - 102, 2*v + g = 46 + m. Is v a composite number?
True
Let m(u) = -5*u - 1. Let b = -4 - -3. Let z be m(b). Is 53/z - 7/28 prime?
True
Suppose -5195 = -d - 4*d + 4*w, -2*w + 4182 = 4*d. Is d a composite number?
True
Suppose -5*o = -19 - 1. Suppose 2*u - o = 4*q, -3*q + 8*q + 5 = -5*u. Suppose 3*c + 3*k + 623 = 7*c, 2*c - 2*k - 312 = u. Is c prime?
False
Let s = 4 - 4. Suppose s*x - 5*x = -3175. Is x prime?
False
Let z be 2/(-2)*(1 + -5). Let w(x) = x**2 + 2*x + z - 6*x + 4*x. Is w(-7) composite?
False
Let p(n) = -n**2 - 4*n + 2. Let u = -7 + 3. Let s be p(u). Suppose -108 = -5*x - s*w, 0 = -x - 3*w - 10 + 29. Is x composite?
True
Suppose 0 = 4*i - p - 327, 0 = 2*p - 7 - 3. Is i a prime number?
True
Suppose 2*v + 97 = w, -4*w + 239 + 129 = -4*v. Suppose -3*r - 71 = -y, -3*r - w = -y - 4*r. Is y a prime number?
True
Suppose 3*h - 2*h = -4*b + 6, h + 2*b - 4 = 0. Is (19/(-2))/((-1)/h) a composite number?
False
Let l(w) = 2*w**2 + 6*w - 4. Let z be l(-6). Suppose 0 = 5*g + 168 + z. Let j = -29 - g. Is j prime?
True
Let n(t) be the third derivative of t**5/8 + t**4/24 + t**3/3 - 2*t**2. Let l(u) be the first derivative of n(u). Is l(2) composite?
False
Suppose -6*t + 951 = -315. Is t prime?
True
Suppose -4*f + 5*p = -602, 3*p - p + 761 = 5*f. Suppose 4*x + 5*g - 205 = -0*g, 4*g = -3*x + f. Is x composite?
True
Let u(p) = -p**2 + 11*p - 6. Let t be u(9). Suppose t*z = 10*z + 758. Is z composite?
False
Is (-5509)/(-10) - 10/(-100) composite?
True
Suppose 2*g + 1329 = 5*g. Is g prime?
True
Let b(r) = 96*r - 31. Is b(5) composite?
False
Let i(w) = 2*w + 215. Is i(0) prime?
False
Suppose -5 - 13 = -2*j + 2*z, z - 15 = -3*j. Is j prime?
False
Suppose 6333 = 4*m + 3*y + 52, -2*m = -5*y - 3147. Suppose 2*p - m = 263. Is p composite?
True
Let k = -782 + 3685. Is k composite?
False
Is ((-6)/6 - -4)*(-1114)/(-6) a prime number?
True
Suppose 0*h = 4*h. Let a be 4 + 1 + (-2 - h). Is (a - -12)/(-1 - -2) composite?
True
Suppose 2*m = 417 + 697. Is m a composite number?
False
Let l(i) = -2*i + 1. Let r be l(2). Let v be (-4)/3*r + 1. Let h(m) = 2*m - 6. Is h(v) prime?
False
Is (-4)/(-1) - (-3654)/6 a prime number?
True
Suppose -74 = -4*w - 2*t + 168, 115 = 2*w - 5*t. Suppose -5*y + y = -w. Is y a composite number?
True
Let l = -5 + 7. Suppose 508 = 2*n + l*n. Is n a composite number?
False
Let m be (1 - 1)/((-3)/3). Suppose m*q - 4*q + 28 = 0. Is q a prime number?
True
Let k(f) = f - 2. Let o be k(5). Suppose -o*p - p + 16 = 0. Suppose -l - 20 = p*t - 73, l - 25 = -2*t. Is t composite?
True
Let v(q) = 636*q**2 - 6*q - 7. Is v(-1) a prime number?
False
Let y be (-30)/12 + (-1)/2. Let c(a) = -a**3 - 2*a**2 + a - 2. Let x be c(y). Suppose 2*b - 3*b = 3*p - 55, -x*p - b = -74. Is p prime?
True
Suppose -y + 15 = b + 2*b, 4*y - 16 = -b. Is (-56)/(-6)*y/2 prime?
False
Suppose 4*j - 1685 = -j. Is j composite?
False
Is (4 + 1251 - -1) + -1 a prime number?
False
Let q(k) = -6*k**3 - k**2 - 2*k - 1. Let m be q(-1). Let n(t) = 4*t + 1. Is n(m) a prime number?
False
Suppose -k = -0*k - 5. Suppose -f - 4*z = -2*f + 49, -k*f + 305 = -5*z. Is f a prime number?
False
Suppose 5*l + 5*c - 475 = 0, 2*l - 4*c = 110 + 92. Is l comp